{"id":39,"date":"2018-09-11T17:30:26","date_gmt":"2018-09-11T22:30:26","guid":{"rendered":"https:\/\/allmedia.com.mx\/demo5\/?p=39"},"modified":"2018-09-12T00:25:07","modified_gmt":"2018-09-12T05:25:07","slug":"tshirt","status":"publish","type":"product","link":"https:\/\/allmedia.com.mx\/demo5\/producto\/tshirt\/","title":{"rendered":"Camiseta"},"content":{"rendered":"<p>Pellentesque habitant morbi tristique senectus et netus et malesuada fames ac turpis egestas. Vestibulum tortor quam, feugiat vitae, ultricies eget, tempor sit amet, ante. Donec eu libero sit amet quam egestas semper. Aenean ultricies mi vitae est. Mauris placerat eleifend leo.<\/p>\n","protected":false},"excerpt":{"rendered":"<p><strong>Lorem Ipsum<\/strong>\u00a0es simplemente el texto de relleno de las imprentas y archivos de texto. Lorem Ipsum ha sido el texto de relleno est\u00e1ndar de las industrias desde el a\u00f1o 1500, cuando un impresor (N. del T. persona que se dedica a la imprenta) desconocido us\u00f3 una galer\u00eda de textos y los mezcl\u00f3 de tal manera que logr\u00f3 hacer un libro de textos especimen. No s\u00f3lo sobrevivi\u00f3 500 a\u00f1os, sino que tambien ingres\u00f3 como texto de relleno en documentos electr\u00f3nicos, quedando esencialmente igual al original. Fue popularizado en los 60s con la creaci\u00f3n de las hojas \u00abLetraset\u00bb, las cuales contenian pasajes de Lorem Ipsum, y m\u00e1s recientemente con software de autoedici\u00f3n, como por ejemplo Aldus PageMaker, el cual incluye versiones de Lorem Ipsum.<\/p>\n","protected":false},"featured_media":115,"comment_status":"open","ping_status":"closed","template":"","meta":[],"product_cat":[18],"product_tag":[],"_links":{"self":[{"href":"https:\/\/allmedia.com.mx\/demo5\/wp-json\/wp\/v2\/product\/39"}],"collection":[{"href":"https:\/\/allmedia.com.mx\/demo5\/wp-json\/wp\/v2\/product"}],"about":[{"href":"https:\/\/allmedia.com.mx\/demo5\/wp-json\/wp\/v2\/types\/product"}],"replies":[{"embeddable":true,"href":"https:\/\/allmedia.com.mx\/demo5\/wp-json\/wp\/v2\/comments?post=39"}],"wp:featuredmedia":[{"embeddable":true,"href":"https:\/\/allmedia.com.mx\/demo5\/wp-json\/wp\/v2\/media\/115"}],"wp:attachment":[{"href":"https:\/\/allmedia.com.mx\/demo5\/wp-json\/wp\/v2\/media?parent=39"}],"wp:term":[{"taxonomy":"product_cat","embeddable":true,"href":"https:\/\/allmedia.com.mx\/demo5\/wp-json\/wp\/v2\/product_cat?post=39"},{"taxonomy":"product_tag","embeddable":true,"href":"https:\/\/allmedia.com.mx\/demo5\/wp-json\/wp\/v2\/product_tag?post=39"}],"curies":[{"name":"wp","href":"https:\/\/api.w.org\/{rel}","templated":true}]}}